 = -15*o - 312. Calculate t(-21).
3
Let v(z) = -4*z**3 + 5*z**2 - 11*z + 19. Determine v(2).
-15
Let m(y) = y**3 - 25*y**2 + 16. What is m(25)?
16
Let f(z) = -z - 6. What is f(-11)?
5
Let x(f) = 2*f - 33. Give x(17).
1
Let k(m) = -4*m + 6. Calculate k(-5).
26
Let x(o) = 11*o + 8. Calculate x(1).
19
Let s(r) = 3*r**2 + 19*r - 9. What is s(-8)?
31
Let t(g) = 37*g**2 - 3*g + 1. Determine t(1).
35
Let p(i) = 32*i**2. Calculate p(-1).
32
Let v(n) = -n**3 - 11*n**2 - 9*n + 16. Determine v(-10).
6
Let x(u) = u**2 + 7*u + 2. Give x(-1).
-4
Let n(b) = 72*b**2 + 2*b + 1. Give n(-1).
71
Let j(c) = c**3 + 8*c**2 - c - 12. Calculate j(-8).
-4
Let n(q) = q**3 - 8*q**2 - 4*q - 1. Calculate n(9).
44
Let k(f) = -f**2 + 10*f + 7. What is k(11)?
-4
Let n(i) = i**2 - 8*i - 16. What is n(7)?
-23
Let l(c) = -c**2 + 10*c - 2. What is l(10)?
-2
Let y(h) = -6*h + 26. Give y(4).
2
Let p(y) = -2*y + 17. What is p(8)?
1
Let t(k) = -k**3 - 5*k**2 - 5*k - 1. Determine t(-4).
3
Let j(h) = h**3 + 4*h**2 - 2*h + 13. Calculate j(-5).
-2
Let t(c) = -c**3 + 7*c**2 + 2*c + 5. Give t(6).
53
Let z(m) = -m - 20. What is z(-8)?
-12
Let r(m) = -16*m - 11. Determine r(-1).
5
Let f(p) = -p**3 + 3*p**2 - 2*p + 4. Determine f(4).
-20
Let s(o) = 162*o**2 + 9*o - 10. Determine s(1).
161
Let i(t) = -t**3 - 15*t**2 + 34*t - 19. What is i(-17)?
-19
Let h(q) = q**3 - 7*q**2 + 7*q - 7. What is h(5)?
-22
Let m(x) = -x**2 - 4. What is m(-3)?
-13
Let l(g) = 5*g**3 - 7*g - 10. Determine l(-2).
-36
Let y(o) = 6*o + 7. What is y(-2)?
-5
Let q(x) = x**2 - 19*x + 36. Determine q(15).
-24
Let d(l) = l**2 + 31*l + 207. Give d(-11).
-13
Let i(w) = -w**2 - 2*w + 21. Determine i(-4).
13
Let d(a) = 2*a**3 - a**2 + a - 2. Determine d(1).
0
Let o(p) = p**3 - 2*p**2 - 5*p - 8. Determine o(4).
4
Let b(h) = h - 21. What is b(13)?
-8
Let s(g) = 47*g**2 + 5*g - 5. What is s(1)?
47
Let s(n) = n**2 - 11*n - 14. Calculate s(12).
-2
Let l(y) = y - 18. Calculate l(13).
-5
Let g(w) = w**2 + 6*w - 18. Calculate g(4).
22
Let v(h) = -h**3 + 2*h**2 + 14*h + 13. Determine v(5).
8
Let x(y) = -y**2 - 9*y + 26. Calculate x(-12).
-10
Let k(s) = 4*s**2 - 84*s - 6. Calculate k(21).
-6
Let q(u) = 29*u + 296. What is q(-10)?
6
Let b(o) = o**3 - 5*o**2 + 5*o - 9. Give b(4).
-5
Let w(n) = 78*n + 777. What is w(-10)?
-3
Let q(z) = -z**2 + 51*z + 763. Give q(-12).
7
Let j(u) = 3*u**3 - 4*u**2 + 5*u. What is j(2)?
18
Let p(u) = -u**2 + 19*u - 8. What is p(15)?
52
Let x(t) = 7*t + 172. Determine x(-27).
-17
Let p(u) = u - 2. Give p(8).
6
Let z(b) = 8*b + 1. Give z(-6).
-47
Let z(k) = -k + 27. Determine z(11).
16
Let o(t) = -2*t - 17. Calculate o(-7).
-3
Let x(f) = f + 10. What is x(-11)?
-1
Let f(i) = i**3 + 6*i**2 - 15*i + 19. What is f(-8)?
11
Let j(b) = b**3 - 59*b**2 + 112*b + 129. Determine j(57).
15
Let y(b) = -b - 4. Give y(-5).
1
Let b(w) = -w**2 + 8*w - 5. Calculate b(4).
11
Let u(a) = -a**3 - 16*a**2 - 47*a + 8. Give u(-12).
-4
Let x(y) = y**2 + 14*y - 11. What is x(-9)?
-56
Let g(l) = -l**3 - 6*l**2 + 7*l - 4. Give g(-7).
-4
Let n(j) = 33*j - 73. Determine n(2).
-7
Let o(u) = -41*u + 4. Determine o(-1).
45
Let x(r) = -r**2 - 5*r - 1. Calculate x(-19).
-267
Let d(j) = 111*j - 548. What is d(5)?
7
Let z(b) = 15*b**3 - b**2 + b - 1. Determine z(1).
14
Let y(x) = -2*x**3 - 15*x**2 - 5*x + 16. Determine y(-7).
2
Let w(q) = 4*q + 6. Determine w(-7).
-22
Let m(r) = -r**2 + 2*r - 5. Give m(3).
-8
Let v(b) = -b**2 - 5*b + 12. What is v(-6)?
6
Let j(l) = 2*l**2 + 30*l - 78. Give j(-19).
74
Let d(v) = 2*v - 46. Give d(14).
-18
Let w(l) = l**3 - 9*l**2 - 8*l + 12. Give w(9).
-60
Let l(j) = j**3 + 7*j**2 + 4*j + 27. What is l(-7)?
-1
Let b(u) = 3*u**2 - 14*u + 1. Calculate b(1).
-10
Let r(l) = -l**3 + 13*l**2 - 9*l + 8. Give r(12).
44
Let t(a) = -a - 12. Determine t(-11).
-1
Let f(d) = 11*d + 5. What is f(-5)?
-50
Let d(n) = 9*n - 48. Determine d(6).
6
Let y(o) = -3*o + 3. Determine y(-1).
6
Let g(s) = -s**2 + 14*s + 3. Determine g(14).
3
Let y(i) = -10*i + 57. Calculate y(6).
-3
Let r(z) = -z - 17. Determine r(-5).
-12
Let q(d) = 5*d**2 + 37*d - 35. Determine q(-8).
-11
Let i(p) = -p + 8. Determine i(5).
3
Let l(o) = 10*o - 1. Give l(2).
19
Let h(j) = 2*j**2 - 4*j - 32. Determine h(-4).
16
Let b(d) = -d**3 - 10*d**2 - d + 10. Give b(-4).
-82
Let p(u) = u**3 - 10*u**2 - 6*u + 60. Determine p(10).
0
Let f(i) = 8*i**2 - 5*i - 2. Calculate f(1).
1
Let x(i) = -24*i - 270. What is x(-11)?
-6
Let z(b) = -b**3 + 3*b**2 - b - 4. Determine z(4).
-24
Let x(d) = d**3 - 7*d**2 + 7*d + 2. What is x(6)?
8
Let u(w) = 14*w. Calculate u(1).
14
Let i(y) = -y**3 + 5*y - 3. Give i(3).
-15
Let n(w) = 16*w - 1. Give n(-1).
-17
Let b(f) = -f**3 + 6*f**2 - 3*f + 13. What is b(6)?
-5
Let m(d) = d**2 - 9*d + 13. Give m(7).
-1
Let g(i) = -3*i + 3. What is g(2)?
-3
Let c(u) = -u + 11. What is c(7)?
4
Let x(i) = 18*i - 450. What is x(25)?
0
Let s(j) = -21*j**3 + j**2 - 2*j - 3. Determine s(-1).
21
Let o(x) = 4*x - 9. Determine o(7).
19
Let t(y) = -2*y**2 - 6*y. Calculate t(-4).
-8
Let i(o) = -o**3 + o**2 - 3*o + 20. Give i(3).
-7
Let u(q) = -11*q + 1. Give u(-2).
23
Let y(g) = g - 12. Give y(10).
-2
Let c(x) = 4*x - 37. Determine c(9).
-1
Let x(h) = h**2 - 14*h + 14. What is x(11)?
-19
Let g(b) = b**3 + 8*b**2 - 9*b - 6. Determine g(-9).
-6
Let d(z) = z**2 + 7*z + 9. Give d(-8).
17
Let p(v) = -v**3 - 7*v**2 - 3*v - 7. Calculate p(-7).
14
Let w(n) = n**3 - 5*n**2 + 5*n + 1. Determine w(5).
26
Let x(t) = t**3 - 4*t**2 - 2*t + 2. What is x(-2)?
-18
Let k(w) = -w + 1. Calculate k(-5).
6
Let n(r) = 2*r + 69. Calculate n(-29).
11
Let c(l) = -l**2 + 50*l + 828. What is c(-13)?
9
Let r(n) = 6*n - 16. Give r(21).
110
Let k(d) = d - 3. What is k(2)?
-1
Let z(b) = -b**3 + 10*b**2 - 15*b - 24. Determine z(7).
18
Let h(c) = c**3 + 6*c**2 + c - 3. What is h(-6)?
-9
Let a(c) = -c**2 + 3*c + 11. Give a(5).
1
Let x(w) = w**3 - 46*w**2 + 86*w + 89. What is x(44)?
1
Let f(m) = 72*m**2 + 2*m. What is f(-1)?
70
Let g(k) = -3*k + 25. Determine g(10).
-5
Let r(i) = 2*i**3 + i**2 - 5*i - 3. What is r(-3)?
-33
Let s(y) = y + 3. What is s(22)?
25
Let c(o) = 10*o**2 - 28*o - 1. Give c(3).
5
Let f(b) = 4*b**3 + b - 3. Calculate f(-2).
-37
Let f(i) = -i**3 + 28*i**2 - 28*i + 27. What is f(27)?
0
Let p(k) = -2*k**2 + 2*k + 9. Give p(8).
-103
Let w(f) = -6*f**2 + 15*f - 38. What is w(3)?
-47
Let d(z) = -28*z - 242. What is d(-9)?
10
Let v(b) = 14*b - 253. Determine v(18).
-1
Let z(g) = 3*g + 120. What is z(-42)?
-6
Let r(o) = -2*o + 39. What is r(16)?
7
Let r(w) = w**2 + 7*w - 225. Calculate r(12).
3
Let i(v) = -v**3 - 12*v**2 + 66*v + 32. Determine i(-16).
0
Let k(a) = -4*a - 21. Calculate k(-7).
7
Let v(y) = 8*y**2 - 116*y + 45. Give v(14).
-11
Let k(a) = -a**3 - 5*a**2 + 7*a + 6. Determine k(-6).
0
Let f(w) = 6*w + 299. Determine f(-49).
5
Let t(h) = h - 3. What is t(-8)?
-11
Let y(a) = 5*a**3 - a**2 + a. Determine y(1).
5
Let x(t) = t + 1. Determine x(-6).
-5
Let w(r) = r**3 - 5*r**2 + 6*r - 1. What is w(5)?
29
Let i(m) = m**3 - 2*m - 15. What is i(0)?
-15
Let u(f) = f**3 + 7*f**2 + f - 7. What is u(-7)?
-14
Let w(x) = -x**3 + 4*x**2 + 2*x + 3. Give w(5).
-12
Let s(i) = -i**2 - 13*i + 51. Give s(-16).
3
Let o(s) = -24*s + 2. What is o(1)?
-22
Let j(p) = 3*p - 5. Give j(7).
16
Let h(x) = -9*x + 4. Determine h(4).
-32
Let d(c) = -6*c - 10. Give d(-4).
14
Let b(n) = n**2 - 16*n - 17. Calculate b(12).
-65
Let o(v) = v**3 + 14*v**2 - 49*v + 27. Determine o(-17).
-7
Let y(p) = -p**2 - 10*p + 14. Give y(-12).
-10
Let w(c) = 4*c - 35. Give w(11).
9
Let l(o) = -o**2 - 5*o + 1. Calculate l(-7).
-13
Let x(q) = -q**3 + 19*q**2 + 17. What is x(19)?
17
Let j(x) = -x**3 - 13*x**2 - 2*x + 1. Determine j(-13).
27
Let d(i) = -i**2 - 11*i + 310. Determine d(-24).
-2
Let w(l) = -l**3 + 9*l**2 + 2*l - 8. Give w(7).
104
Let x(s) = s + 11. Determine x(-11).
0
Let q(r) = -14*r**3 - 2*r + 1. Calculate q(1).
-15
Let n(q) = -q**3 - 11*q**2. Calculate n(-11).
0
Let m(p) = 41*p**2 - p. What is m(-1)?
42
Let s(d) = -3*d**2 - 6*d - 1. What is s(-4)?
-25
Let v(x) = -2*x**2 + 26*x - 82. Calculate v(8).
-2
Let v(l) = -l + 13. Calculate v(-6).
19
Let v(u) = u**3 + 4*u**2 - 5*u - 13. What is v(-5)?
-13
Let d(c) = c**3 + 8*c**2 + 10*c. Give d(-7).
-21
Let o(n) = -3*n**2 - 31*n + 8. Give o(-11).
-14
Let j(c) = 18*c**3 + 2*c - 1. 